ors of s.
4937
Suppose -4*g + 5*n + 29275 = 0, 4*g - 3*n = 9*g - 36566. Suppose 1351 = -21*c + g. List the prime factors of c.
2, 71
Let g(z) = -3*z**3 - 3*z**2 + 37*z - 26. List the prime factors of g(-10).
2, 3
Suppose -24*f + 23186 = -11542. List the prime factors of f.
1447
Let o be 0/2*8/(-120)*-5. Suppose 0*c - 3*c - 135 = o. Let x = c - -195. List the prime factors of x.
2, 3, 5
Suppose -3*r = 25 - 37. What are the prime factors of r/3*2295/18?
2, 5, 17
Let u = 312 - -83. Suppose -a + u = 87. What are the prime factors of a?
2, 7, 11
Let a(p) = 2*p**2 + 12*p + 9. Let x be (-3 - (-21)/4)/((-12)/32). Let q be 1 + 4/(-6) - 28/x. What are the prime factors of a(q)?
7, 17
What are the prime factors of (-2)/(-6)*-44*(-3120)/32?
2, 5, 11, 13
Let z(u) = 117 - 355 + 114 + u + 122. Suppose 5 - 30 = -5*g. List the prime factors of z(g).
3
Let j(h) = -14*h - 10. Let d be j(-1). Suppose 2*b - d*w - 208 = 0, 2*w + 314 + 238 = 5*b. List the prime factors of b.
2, 7
Let j(b) = 44*b**2 - 2*b + 205. List the prime factors of j(12).
7, 19
Let m be -671 - (2/8 - (-75)/100). Let v = -308 - m. List the prime factors of v.
2, 7, 13
Suppose -3*p + 43 = -4*p. Let h = -47 - p. What are the prime factors of (4 - 3)/(h/(-620))?
5, 31
Let f be (10/6)/((-1)/87). Suppose 0*y - 261 = k + 5*y, k = y - 237. Let x = f - k. What are the prime factors of x?
2, 3
Let c(f) = 45*f**2 + 50*f - 57. What are the prime factors of c(15)?
2, 3, 601
Let p(l) = l**3 - 20*l**2 - 50*l**2 + 8 + 118*l**2 - 5*l - 16*l**2 - 22*l**2. Suppose -3*y - 17 = 1. List the prime factors of p(y).
2, 7, 13
Let t = 31 - 36. Let d be (0 + t)/(-10 + 9). Suppose -d*h + 1 = 2*n, -6*n + n = -5*h - 55. What are the prime factors of n?
2
Let o = -59 - -61. Suppose 0 = 4*r + 4*u - 528, o*r - 44 - 185 = 5*u. Suppose -r = -10*z + 9*z. What are the prime factors of z?
127
Let v = -161 + 290. Let z be (-4)/14*-7 + (v - 1). Let w = z + -9. What are the prime factors of w?
11
Let i = -15218 - -15237. Let y be 134*2/8*-2. Let j = i - y. List the prime factors of j.
2, 43
Let b(p) = -3*p**2 - 26*p - 11. Let d be b(-10). Let y = 174 + d. List the prime factors of y.
3, 41
Let m(l) be the third derivative of 4*l**5/15 - l**4/3 - l**3/3 - 4*l**2. List the prime factors of m(-5).
2, 3, 73
Let y = 71 - 71. Suppose 3*q = -i - y*i - 5, 4*q - 4 = 4*i. What are the prime factors of 4 + q + -1 + 140?
2, 71
Let y = 133 - 129. Suppose -6*v = -3*s - v + 2040, 5*s + y*v - 3400 = 0. List the prime factors of s.
2, 5, 17
Let f(z) = z**2 + 24*z + 41. Let c be f(-23). Suppose -9720 = -2*w - c*w. List the prime factors of w.
2, 3
Suppose t = 4*g + 21377, 4*t - 2*g - 75714 = 9822. List the prime factors of t.
5, 7, 13, 47
List the prime factors of ((-720)/100)/((-32)/57360).
2, 3, 239
Let u = 280 - -43. Let r = u - 105. What are the prime factors of r?
2, 109
Let s be (-63)/(-9) - (-4 - -11). List the prime factors of ((-3166)/(-6) - s) + (-48)/72.
17, 31
Suppose 1006*t + 3 = 1009*t, -4*g + 3*t + 72677 = 0. What are the prime factors of g?
2, 5, 23, 79
Suppose 10*p - 360 = -100. Suppose 0 = -p*i + 27*i - 1511. List the prime factors of i.
1511
Let g(f) = 33*f - 67. Let a be g(8). Let u be (-4)/(-10)*(236 + -1). Let d = a - u. What are the prime factors of d?
103
Suppose -r + 15884 = 2*w - 5911, -4*r + 87168 = 5*w. List the prime factors of r.
21787
Let x = 14 - -3. Suppose j = 49 - x. What are the prime factors of (-3 + j/20)*-5?
7
Suppose 21*s - 15210 = 75510. Suppose 69*t = 57*t + s. List the prime factors of t.
2, 3, 5
Suppose -3090*h + 3100*h - 139550 = 0. What are the prime factors of h?
5, 2791
Let q be (-98)/(-7)*(45/(-21) + 3). Suppose -2*p = q*p - 2646. What are the prime factors of p?
3, 7
Let k be (-7 + 6 - 5) + 9. Suppose -10*a - k*a + 3835 = 0. What are the prime factors of a?
5, 59
Let k(f) = -237*f + 27. Let c = -696 + 691. List the prime factors of k(c).
2, 3, 101
Let i(d) = 20*d + 10. Let r be i(5). Suppose 4*y = -14 + r. What are the prime factors of (-3*1)/((-1)/y)?
2, 3
Let u(n) = -170*n - 282. Let p be u(-14). Suppose -p = -13*f + 11123. What are the prime factors of f?
3, 113
Let p(u) = 5*u**3 - 9*u**2 - 3. Let a(q) = -q**3 + q**2 + 1. Let w(n) = -6*a(n) - p(n). Let j be w(-3). Let y = 13 - j. List the prime factors of y.
2
Let v = -34446 + 59121. What are the prime factors of v?
3, 5, 7, 47
Suppose 0 = r - 16639 + 6737. What are the prime factors of r?
2, 4951
Let z(p) = -58363*p + 233. List the prime factors of z(-1).
2, 3, 19, 257
Let k be 47*(12/8)/((-1)/(-2)). Let m = -103 + k. What are the prime factors of m?
2, 19
Let r = 105 + -102. Suppose -4*o - 4*l = -24, 4*o + o - r*l = 22. Suppose 0 = 2*a + o*x - 325, 4*a - 3*x + 331 = 6*a. List the prime factors of a.
2, 5, 17
Suppose 4*b - 4*l = 38272, -3*b + 42*l + 28739 = 46*l. What are the prime factors of b?
3, 3191
Let d = 43 + -46. Let h(p) = -2*p**2 - 7*p - 1. Let j be h(d). Suppose 0 = -j*n - 6 + 30. List the prime factors of n.
2, 3
Suppose 3*s = j + 1319, 441 = 5*s - j - 1762. What are the prime factors of s?
2, 13, 17
Let k(l) = -l**2 - 96*l - 604. Let w be k(-92). Let s(c) = -9*c**2 - 5*c + 3. Let u be s(4). Let r = u - w. What are the prime factors of r?
3, 5
Suppose 275 = 10*f + 2315. Let w = 777 + f. What are the prime factors of w?
3, 191
Suppose 46*j + 28072 = 189762. What are the prime factors of j?
5, 19, 37
Suppose 5014705 = 389*p + 69*p - 5716235. What are the prime factors of p?
2, 3, 5, 11, 71
Let h(b) = 2*b**2 - 6*b + 6. Let n be h(3). Let r = 19 - n. What are the prime factors of r?
13
Let p(x) = 2*x**2 + 7*x + 3. Let s be p(-3). Suppose -2*v + 12 - 20 = s, -5*z = 4*v - 3394. List the prime factors of z.
2, 11, 31
Let x = 50 + -35. Suppose 5*v = -x, -2*m - 3 = 5*v + 8. Suppose -3*b + 295 = 5*p - p, -m*b - 82 = -p. What are the prime factors of p?
2, 19
Let j = 2633 - 331. List the prime factors of j.
2, 1151
Let f = -86 - -93. Suppose 2*b + 5185 = f*b. List the prime factors of b.
17, 61
Let y be (-3 + (-209)/(-99))/((-4)/18). Suppose -y*a - 1 = -1173. List the prime factors of a.
293
Suppose 33011 = 8*o + m, 20655 = 5*o - 4*m - 0*m. List the prime factors of o.
4127
Let q(l) = 4*l - 20. Let j be q(5). Suppose -8*c + 4934 - 1366 = j. What are the prime factors of c?
2, 223
Let k(x) = x**3 - 4*x**2 - 5*x + 4. Let r be k(5). Let j = r + 115. Suppose -j + 38 = -3*s. List the prime factors of s.
3
List the prime factors of 6 + -11 + 16219 + (-1)/4*-8.
2, 2027
List the prime factors of (-640972)/(-72)*2 - (-328)/1476.
3, 5, 1187
Suppose -5*h - 12 = -7*h. Suppose -h*m + 3274 = 1108. Suppose -3*l - 117 = -s, 5*l = 5*s - m - 244. What are the prime factors of s?
3, 41
Suppose 6*v - 1560 = -u + 4459, 3*u = 3*v - 3027. What are the prime factors of v?
2, 251
Let o(i) = -i**3 - 2*i**2 + 2*i + 1. Let x be o(-3). Suppose 25 = -7*j + 2*j, x*b - j = -79. Let f = 83 + b. List the prime factors of f.
2, 31
Let j(d) = 176*d - 392. List the prime factors of j(5).
2, 61
List the prime factors of 26710 + 2 - (-231)/21.
26723
Let t = 415 - 211. Let k = -218 - -72. Let r = t + k. What are the prime factors of r?
2, 29
Let a be -5 - (1 - (723 + 8)). Suppose -7*l + a = -605. What are the prime factors of l?
2, 5, 19
Let q = 72 + -59. Let l(u) = -6 - 45*u + q*u + 1. What are the prime factors of l(-2)?
59
Let w(o) = -514*o + 29. Let s be w(-3). Suppose -4991 = -6*m - s. List the prime factors of m.
2, 3, 5, 19
Let d(h) be the third derivative of 0*h + 0 - 1/8*h**4 + 1/3*h**3 - 1/120*h**6 - 7/30*h**5 - 19*h**2. What are the prime factors of d(-14)?
2, 11
Let g(i) = 92*i**3 + 16*i**2 - 64*i - 63. What are the prime factors of g(6)?
3, 59, 113
Let p = -77 - -81. Suppose -y + 8*y = p*y. What are the prime factors of -27*(y + 4/(-3))?
2, 3
Let z = 18529 + 6536. What are the prime factors of z?
3, 5, 557
Let d(o) be the first derivative of o**4/4 - 2*o**3/3 - 8*o**2 + 38*o - 44. List the prime factors of d(8).
2, 3, 7
Suppose 7*r - 49187 = 30116. List the prime factors of r.
11329
Let m(i) = -i. Let b(z) = 2*z - 2. Let y be b(-2). Let k be m(y). Suppose k*t = t + 85. What are the prime factors of t?
17
Let p(h) = -23*h**3 + 2*h + 3. Suppose y + 3 = -0. List the prime factors of p(y).
2, 3, 103
Suppose 22 + 13 = 4*i - 3*q, -i + 14 = q. Suppose -11 = 6*u - i. List the pr